the greatest common divisor of 65 and 701675.
65
Calculate the greatest common divisor of 12 and 5123190.
6
Calculate the highest common factor of 5 and 322180.
5
What is the highest common factor of 13485 and 1479?
87
Calculate the greatest common factor of 3071 and 1702.
37
Calculate the highest common divisor of 45799 and 271.
271
What is the greatest common factor of 36418 and 8384?
262
What is the greatest common factor of 112 and 40705?
7
What is the greatest common divisor of 112384 and 256?
256
Calculate the greatest common divisor of 4685320 and 40.
40
What is the highest common divisor of 18106 and 22?
22
Calculate the greatest common divisor of 40605 and 3345.
15
Calculate the greatest common divisor of 413657 and 7763.
1109
What is the greatest common factor of 99 and 24363?
9
What is the greatest common factor of 202 and 1497022?
202
What is the greatest common divisor of 513 and 801857?
19
Calculate the highest common factor of 113560 and 40.
40
Calculate the highest common factor of 11740 and 56.
4
What is the greatest common divisor of 15279 and 759?
33
What is the greatest common factor of 6144 and 592?
16
Calculate the highest common factor of 98270 and 2536.
634
Calculate the highest common factor of 2448 and 212364.
612
What is the greatest common factor of 510169 and 9405?
209
Calculate the greatest common divisor of 7146 and 36.
18
Calculate the highest common divisor of 101 and 1143421.
101
Calculate the highest common factor of 63917 and 46.
23
What is the greatest common factor of 140 and 64715?
35
What is the greatest common factor of 25615 and 981?
109
Calculate the greatest common factor of 84 and 201072.
12
What is the highest common divisor of 170 and 226270?
170
What is the highest common divisor of 272 and 159494?
34
Calculate the highest common divisor of 70 and 512918.
14
What is the highest common factor of 12177 and 891?
297
Calculate the greatest common factor of 13493 and 917.
131
Calculate the highest common divisor of 810 and 66050.
10
Calculate the highest common factor of 1167096 and 672.
168
Calculate the greatest common factor of 32 and 2138304.
32
Calculate the highest common factor of 2058 and 273.
21
What is the greatest common divisor of 33 and 5533?
11
What is the highest common factor of 36 and 20028?
12
What is the greatest common factor of 521577 and 189?
63
What is the highest common factor of 16756 and 126735?
71
Calculate the greatest common divisor of 496 and 12524.
124
Calculate the highest common divisor of 694736 and 21.
7
What is the highest common factor of 43425 and 81?
9
Calculate the greatest common divisor of 3 and 690636.
3
Calculate the highest common factor of 2142 and 3906.
126
What is the highest common factor of 12150 and 2050?
50
Calculate the greatest common factor of 160 and 492416.
32
Calculate the highest common factor of 117798 and 2436.
174
Calculate the highest common divisor of 188 and 427324.
188
What is the greatest common factor of 229592 and 704?
88
Calculate the greatest common factor of 110380 and 415.
5
What is the highest common factor of 116 and 384946?
58
Calculate the greatest common factor of 340 and 13736.
68
Calculate the highest common factor of 10847 and 4.
1
What is the greatest common factor of 833 and 34741?
49
Calculate the highest common factor of 154448 and 448.
112
What is the highest common factor of 67 and 356507?
67
Calculate the highest common divisor of 384 and 500224.
128
Calculate the greatest common divisor of 2497 and 110549.
227
What is the highest common factor of 3014666 and 58?
58
Calculate the highest common factor of 320 and 36416.
64
What is the greatest common divisor of 1070037 and 27?
27
What is the highest common divisor of 389 and 104641?
389
Calculate the greatest common divisor of 200 and 1207350.
50
What is the greatest common factor of 238498 and 1846?
26
What is the highest common factor of 12844 and 114?
38
Calculate the highest common divisor of 57 and 129067.
19
Calculate the greatest common factor of 563202 and 1206.
1206
What is the greatest common factor of 90 and 12444?
6
What is the greatest common divisor of 250 and 11830?
10
What is the highest common divisor of 168 and 107688?
168
Calculate the greatest common factor of 40 and 9032.
8
What is the highest common factor of 55 and 24678335?
55
Calculate the highest common divisor of 15165 and 345.
15
What is the greatest common divisor of 210 and 67290?
30
What is the highest common factor of 12398705 and 165?
55
What is the greatest common factor of 381730 and 2360?
590
Calculate the highest common factor of 2599155 and 15.
15
What is the greatest common divisor of 744 and 225?
3
Calculate the highest common divisor of 70 and 30310.
70
Calculate the greatest common divisor of 496 and 35588.
124
Calculate the highest common divisor of 1134 and 18468.
162
What is the greatest common divisor of 1780 and 2540505?
445
What is the greatest common factor of 1190 and 1870?
170
What is the highest common divisor of 9828 and 7878?
78
What is the greatest common factor of 1124928 and 9639?
567
What is the greatest common divisor of 27 and 1758627?
9
Calculate the highest common factor of 112379 and 3597.
109
What is the greatest common divisor of 22649 and 7171?
71
Calculate the highest common divisor of 26359 and 43.
43
What is the greatest common factor of 10 and 189705?
5
What is the highest common factor of 175092 and 172?
4
What is the highest common divisor of 2405 and 53650?
185
Calculate the highest common factor of 36615 and 255.
15
Calculate the highest common divisor of 240 and 3471920.
80
Calculate the greatest common divisor of 4625 and 25125.
125
Calculate the greatest common divisor of 9966 and 106002.
906
What is the greatest common divisor of 39 and 35919?
39
What is the highest common divisor of 53417 and 63?
7
What is the highest common divisor of 9 and 6190083?
9
Calculate the highest common factor of 1065 and 35642.
71
Calculate the greatest common factor of 36 and 5554.
2
What is the highest common divisor of 228 and 5124?
12
Calculate the highest common factor of 579965 and 1202.
601
Calculate the highest common divisor of 84686 and 42.
14
Calculate the highest common factor of 123088 and 13031.
157
What is the greatest common divisor of 72501 and 234?
39
What is the highest common factor of 7574 and 182?
14
Calculate the greatest common factor of 7852 and 1027.
13
Calculate the greatest common divisor of 82684 and 28.
28
Calculate the greatest common divisor of 148170 and 120.
30
Calculate the greatest common divisor of 706759 and 174.
29
What is the highest common factor of 154831 and 843?
281
Calculate the highest common factor of 117 and 1174563.
117
What is the highest common factor of 1634 and 44376?
86
Calculate the greatest common divisor of 131 and 56461.
131
What is the highest common divisor of 167076 and 168?
84
What is the greatest common divisor of 16916 and 12?
4
What is the highest common factor of 1210 and 259061?
121
Calculate the highest common factor of 123826 and 202.
202
Calculate the highest common divisor of 16522 and 44.
22
What is the highest common factor of 1643863 and 71?
71
What is the greatest common factor of 28355 and 15515?
535
Calculate the greatest common divisor of 110790 and 3735.
45
What is the greatest common factor of 84 and 283318?
14
Calculate the greatest common divisor of 14616 and 65424.
696
What is the greatest common divisor of 45804 and 2?
2
What is the highest common divisor of 403881 and 244?
61
Calculate the highest common factor of 108 and 7896.
12
Calculate the highest common factor of 314555 and 159.
53
What is the greatest common divisor of 1533 and 3107391?
1533
What is the highest common divisor of 905892 and 234?
78
Calculate the greatest common divisor of 2594272 and 24.
8
What is the highest common divisor of 40 and 5638410?
10
Calculate the highest common factor of 335514 and 42150.
1686
Calculate the greatest common factor of 811833 and 77088.
2409
Calculate the highest common divisor of 11585 and 42.
7
Calculate the highest common factor of 18100 and 40.
20
What is the highest common factor of 456 and 12939?
57
What is the greatest common factor of 210 and 151480?
70
What is the